287 = -33*i. Calculate the highest common divisor of i and 124.
31
Suppose 4*i - 3*i - 3*x = 18, 5 = -5*i - 4*x. Suppose -53 = -i*w + 5*m, 3*w - 14 = w - 2*m. What is the greatest common factor of 176 and w?
11
Let t be ((-2)/3 - 120/(-72))*8. Suppose 0 = -g + 2*g + 6. Let i = -2 - g. What is the greatest common divisor of i and t?
4
Let i be ((-102)/8)/((-129)/8084). What is the greatest common divisor of i and 47?
47
Suppose 0 = 70*v - 74*v + 2236. Calculate the greatest common factor of v and 13.
13
Let u(k) = 155*k - 10. Let z be u(3). Calculate the highest common divisor of 52 and z.
13
Suppose -3*x - o = -1259, 0*x - x + 4*o = -424. Suppose -6*d + x = -2*d. Suppose -4*s + 0*s = -60. What is the greatest common divisor of s and d?
15
Suppose -k - 6 = 2*c - 4*c, -2*c = -3*k - 6. Let v(b) = b**3 + 2*b**2 - b + 23. Let p be v(k). What is the highest common divisor of 161 and p?
23
Let h(r) be the third derivative of -r**5/60 + r**4/4 + 7*r**3/3 + 5*r**2. Let y be h(7). Calculate the highest common divisor of 21 and y.
7
Suppose 2*l + 32 = 7*l + o, -o = 4*l - 26. Let b(f) = 9*f + 4*f**3 + 0*f - 2*f**2 - 1 - l*f. Let r be b(2). Calculate the greatest common factor of r and 232.
29
Suppose 2*h + 220 = 5*l + 5*h, 0 = h. Suppose 0*f - 4*f = -l. Let y = 92 - -7. What is the highest common factor of f and y?
11
Let r be 7 - 3 - (0 + 4/(-4)). What is the greatest common factor of 65 and r?
5
Let n = -83 + 128. What is the greatest common factor of 20 and n?
5
Suppose n + 5 = i - 0, 0 = -2*n - 4. Let v be (3 - -3)*3/i. Suppose 2*r = -y + 2 + 9, 3*r - 34 = -5*y. What is the greatest common factor of r and v?
3
Suppose -3*y - i = -36, 3*i + 5 = y - 17. Calculate the highest common factor of 1144 and y.
13
Let s = -7 + 23. Let z = s + 12. What is the greatest common factor of 7 and z?
7
Suppose 2*c = -q - q + 30, 3*c - q - 25 = 0. Let a(s) = -6*s + 7*s + s**2 - 2*s - 2. Let v be a(9). What is the greatest common divisor of v and c?
10
Suppose 465 = -312*r + 343*r. What is the highest common factor of 200 and r?
5
Let x be (-4)/6 + 44/3. Let f = -6 + 6. Suppose f = z - 4*z + 6. What is the greatest common factor of z and x?
2
Let x be 30/35*224/24. Let a be 502/7 - (-2)/7. What is the highest common factor of x and a?
8
Let t be (-3 - -1 - 6)*(-7)/14. Suppose -t*x + 91 = 2*n - 65, 4*n = 5*x - 169. What is the highest common divisor of 37 and x?
37
Suppose -10 + 35 = -5*t. Let x(s) = 9*s**2 + 8*s - 5. Let r be x(t). What is the greatest common divisor of r and 36?
36
Suppose 20 = 3*n + 2*p - 19, 5*p = -2*n + 26. What is the highest common factor of 13 and n?
13
Let c be (-505)/(-20) + (-3)/(-4). Let a = 0 + 22. Let n be 6*(-7 + 8 + a/4). Calculate the highest common factor of n and c.
13
Let h = 211 - 91. Let i = -62 + 72. What is the greatest common divisor of h and i?
10
Let s(z) = z**3 + 2*z**2 - 2*z - 3. Let o = -7 + 17. Let k be ((-2)/(-5))/((-2)/o). Let l be s(k). Calculate the highest common divisor of l and 4.
1
Suppose -4*c = -3*y + 1, -c - 7 = y + 2. Let q(l) = -l**3 - 5*l**2 - 9*l - 17. Let d be q(y). Calculate the highest common divisor of 7 and d.
7
Let l(o) = o**2 - o - 9. Let w be l(5). Let r = 167 - 90. What is the greatest common factor of w and r?
11
Suppose 4*d = -8, -d + 5*d = -2*o + 382. Suppose -5*p - 4*a = -6*a - 336, a - o = -3*p. What is the greatest common divisor of 6 and p?
6
Let t = -3 + 10. Let b be 4/(-26)*(-975)/150. What is the greatest common factor of b and t?
1
Suppose 5*q = -2*y + 2580, 2654 = 4*q - 2*y + 590. What is the greatest common factor of q and 860?
172
Suppose m + v + 0*v = 47, 4*v + 4 = 0. Calculate the highest common divisor of 36 and m.
12
Suppose 4 = t - 81. Let w = 125 - t. What is the highest common divisor of 100 and w?
20
Let r(s) = -s**2 - 17*s - 32. Let t be r(-15). Let q be 1 + 45 + t + -2. What is the greatest common factor of q and 42?
42
Let c(k) = -k**3 - 6*k**2 + 6*k - 1. Let w = -10 - -3. Let t be c(w). Let f(l) = -10*l - 72. Let i be f(-9). What is the highest common factor of i and t?
6
Let q be 0*(-1)/(-4) + 5. Let v = 238 + -127. Let j = v - 61. What is the highest common divisor of j and q?
5
Let r be 4/(-26) + 67/13. Suppose 3 + 187 = r*t. Let z(a) = 3*a - 5. Let f be z(8). What is the greatest common divisor of t and f?
19
Let f(i) = -i**2 - 6*i - 7. Let b be 1*(-12)/8*2. Let m be f(b). Let y = 10 + m. What is the highest common divisor of 6 and y?
6
Suppose 3*y = g - 1236, 0 = 5*y + 7 + 13. What is the greatest common divisor of g and 144?
72
Let s = 15 - -9. Suppose a - 4*m - s = -m, 0 = a - 5*m - 34. Let b = 23 - 14. Calculate the highest common divisor of a and b.
9
Let u(t) = -t**3 + 7*t**2 + 28*t - 79. Let f be u(7). Calculate the highest common factor of 5148 and f.
117
Suppose 2*a = 13*a. Suppose 5*y + 4*z - 69 = a, -2*z + 3*z - 66 = -5*y. What is the highest common divisor of y and 117?
13
Suppose -4*j = 5072 - 24348. What is the highest common divisor of j and 61?
61
Suppose 49 = -3*x + 10*x. Suppose -x*k - 300 = -12*k. What is the highest common factor of 20 and k?
20
Let k(d) = -d**3 + 10*d**2 + 10*d + 2. Let q be k(11). Let g be (49/(-21))/(1/q). Calculate the highest common factor of g and 14.
7
Let i be -3 - -10 - (0 - -2). Let z(a) = 2*a + 4*a - 3*a + 35 - 4*a. Let t be z(0). What is the highest common factor of i and t?
5
Let k(w) = -w**2 + 13*w - 4. Let s be k(12). Let z = s - 8. Suppose 2*r = 4*x + 100, -r + 32 = 4*x - z*x. Calculate the highest common divisor of 22 and r.
22
Let c = -20 + 20. Suppose -b + a - 2 = -0, 5*b + 3*a + 2 = c. Let s be 30*((-6)/4)/b. Calculate the greatest common divisor of 18 and s.
9
Suppose 49*u - 1584 = 41*u. What is the greatest common factor of 162 and u?
18
Let g be (-20)/((0 - (-5)/30)*-4). What is the greatest common factor of 75 and g?
15
Let g be -1*6/(-27) + (-2580)/(-54). What is the greatest common factor of 120 and g?
24
Suppose -90 = 3*j - 57. Let x be j/(-2 - 2 - -3). Calculate the highest common factor of 11 and x.
11
Let z(r) = -22*r - 130. Let d be z(-10). Calculate the highest common factor of d and 300.
30
Let y be (-96)/(-5 - (-11 - -7)). What is the greatest common divisor of 256 and y?
32
Suppose -2*c + 74 = 4*y, 0*y - y + 5*c + 35 = 0. Let l = y - 32. Let h = l - -15. Calculate the greatest common factor of 3 and h.
3
Let a be 6/4 + 40/(-16). Let w(o) = -5*o**3 - 3*o**2 + 2. Let p be w(a). Let b be (-2)/9 - (-146)/9. Calculate the greatest common factor of p and b.
4
Suppose -5*a - 618 = -6*a + o, 0 = 2*a - 4*o - 1228. Suppose 6*t + a = 1534. Calculate the highest common factor of 8 and t.
8
Let w(s) = 6*s**3 + 2*s**2 - 2*s + 4. Let p be w(-3). Let l = p - -222. What is the highest common factor of 8 and l?
8
Let d = 911 - 328. Calculate the greatest common divisor of 477 and d.
53
Let j = 59 - 55. Suppose -j*p + 3*i = -157, 4*i - 124 = -3*p - 0*i. What is the highest common divisor of 8 and p?
8
Let d be (-12)/36 + (-368)/(-6) + 2. What is the highest common factor of d and 147?
21
Let h be (-44)/((-2)/(-3)*-3). Let q = h - 12. Suppose 0 = g - 61 - 29. What is the highest common factor of q and g?
10
Let t(y) = -y**2 - 8*y - 12. Let k be t(-5). Suppose -22 = -k*x + 20. Calculate the highest common divisor of x and 7.
7
Let d = 88 + -67. Suppose -d*i + 17*i + 8 = 0. Calculate the greatest common divisor of 2 and i.
2
Let h(d) = -d**3 + 5*d**2 + d + 7. Let n be h(5). Suppose -y = 3*y + n. Let t = y - -11. Calculate the greatest common divisor of 20 and t.
4
Suppose 3 = q - 62. Let h = q + -29. Suppose i - r = 4*i - 13, 0 = -2*i + r + 7. Calculate the highest common factor of i and h.
4
Suppose 3*t - 14 = 5*t. Let o = 16 + t. Let p(a) = a**3 + 4*a**2 - 3*a - 6. Let s be p(-4). Calculate the greatest common factor of o and s.
3
Suppose 152 - 944 = -12*r. What is the greatest common factor of r and 594?
66
Let f be (5 - 55/10)*-4*1. Suppose -f*n + n = -4. Calculate the highest common factor of 24 and n.
4
Suppose 0*w - 17 = -2*w + 3*o, -5*w + 35 = -5*o. What is the greatest common factor of 20 and w?
4
Let z(j) = -j**3 + 16*j**2 + 20*j - 39. Let r be z(17). Let p(o) = o**2 + o. Let x be p(3). What is the highest common divisor of r and x?
12
Let o = 3 + -3. Suppose -2*d + 39 - 9 = o. Suppose 0 = 3*y + d - 39. What